13). Suppose 7*f = 47 + y. Let s be 15/f*(-12)/(-3). Calculate the highest common divisor of 27 and s.
3
Let q(j) = -j**2 - 10*j - 4. Let d be q(-6). Suppose 6*f + 360 = 12*f. Calculate the highest common divisor of f and d.
20
Suppose 5*k = -3*r + 25, -r - k - 1 = -6. Suppose 9*j - 900 = -r*j. Calculate the greatest common divisor of j and 40.
20
Let z(s) = -3*s - 5. Let m be z(-5). Let q be ((3 - 2) + -4)/((-27)/720). What is the greatest common factor of m and q?
10
Let x be ((-168)/(-98))/(4/14). Suppose -l + 5*l - 20 = 0, -3*h + 4*l - 8 = 0. Calculate the highest common factor of h and x.
2
Let t = 787 + -763. Calculate the highest common factor of 78 and t.
6
Let d(y) = -y**2 + 6*y + 23. Let z be d(7). Calculate the greatest common factor of 64 and z.
16
Let n be (5/(-3))/(3/36). Let m be (-15)/2*48/n. Let q = m + -8. Calculate the greatest common factor of q and 110.
10
Suppose -7*i - 1374 + 527 = 0. Let g be i/(-5) + (-2)/10. Calculate the greatest common divisor of 216 and g.
24
Let t(f) = -f**2 - 3*f - 6. Let p be t(-5). Let b be (72/p)/(2/(-4)). Let q(a) = a - 2. Let g be q(b). Calculate the greatest common factor of g and 7.
7
Suppose -4*s + 15 = s. Suppose s*n - 4*x = 68, -3*x - 79 = -2*n - 2*n. Suppose 0*c + 11 = 3*z + c, 0 = -4*c - n. What is the highest common factor of z and 1?
1
Let s be (51 + -18)/(3/4). Suppose -s*w + 55 = -39*w. What is the greatest common factor of w and 22?
11
Let n be 2/(-22) + (-1367140)/(-1870). What is the highest common factor of 129 and n?
43
Let i(c) = 10*c**2 + 15*c - 2. Let p be i(-8). What is the highest common divisor of p and 14?
14
Suppose -4*h + 720 = -4*d, -4*d + 5*h = 148 + 576. Let c = -722 - -418. Let o = d - c. Calculate the highest common divisor of o and 16.
16
Let k(o) = -o**3 + o**2 + o + 10. Suppose w = -1 + 4. Let j be 2*(-3)/w - -2. Let l be k(j). Calculate the highest common divisor of l and 70.
10
Suppose 0*n = n + 92. Let h = 143 + n. Suppose 3*l + 2*l - 9 = -2*y, 4*y - 63 = -l. Calculate the highest common factor of y and h.
17
Let b be 10/(-35) - 316/(-28). Calculate the greatest common divisor of 209 and b.
11
Let q = -94 + 250. Calculate the highest common divisor of q and 12.
12
Let w = -12 + -124. Let u be 7/((-14)/w) - 2. Let o(n) = n**2 - 3*n - 9. Let r be o(-9). What is the highest common factor of u and r?
33
Let q be (-2 + 0)/(2 - 3). Suppose -2*j - 2*v - 10 = 0, -5*j + 5 - 24 = q*v. Let b be j - 1*175/(-5). Calculate the greatest common divisor of b and 16.
16
Let r(b) = -b. Let d(h) = -3*h + 29. Let j(l) = -d(l) + 6*r(l). Let p be j(-15). What is the highest common divisor of p and 48?
16
Suppose 0 = -s - 2*a + 4 + 2, 3*a = -3*s + 27. Suppose 11*h = s*h. Let v = 12 + h. Calculate the greatest common factor of 72 and v.
12
Let d(s) = s**3 + 11*s**2 + 10*s + 26. Let y be d(-11). Let o be 10*(y/(-30) - 0/1). Calculate the greatest common divisor of o and 8.
4
Suppose -5*i = 3*y - 4036, 2*i - 11 = -19. What is the greatest common factor of 13 and y?
13
Let v be 5 - (2/(-1))/(-1). Let u be (-10)/15 - (-4)/(-3) - -2. Suppose u = -r - v + 5. What is the greatest common divisor of r and 2?
2
Suppose w - 7 = 69. Let r = w - 70. Calculate the greatest common factor of r and 30.
6
Let a(m) = 250*m**3 - 4*m**2 + 4*m - 1. Let x be a(1). Suppose 0 = -8*o + x - 73. Calculate the greatest common factor of 33 and o.
11
Let g(n) = -21*n**3 + 2*n**2 + n - 1. Let p be g(-1). Let y = -20 + p. Let s be 1982/12 - y/6. Calculate the greatest common factor of s and 33.
33
Let v be ((-4)/(-6))/(1/9). Suppose 287*l - 208*l - 237 = 237. Calculate the greatest common factor of l and v.
6
Let m be (10/6 - 2)*(-144)/1. Calculate the greatest common divisor of 102 and m.
6
Let f = -658 + 946. What is the highest common factor of 64 and f?
32
Let a(z) = z + 10. Let d be a(-7). Suppose -4*t - 16 = 0, -d*n - 2*t - 3*t + 70 = 0. Let o = n - 15. Calculate the highest common factor of 15 and o.
15
Suppose 5*s - 41 = -3*a - 0, 3*a - s = 35. Let h = 23 + -13. Let l = a - h. Calculate the highest common factor of l and 4.
2
Let n = 2 - 3. Let m be n + 1 - 3 - (-9 - -1). What is the greatest common divisor of 35 and m?
5
Let c be (0 - (-6)/(-4))*8/(-3). Suppose -44 = -c*b + 112. What is the greatest common divisor of 26 and b?
13
Suppose -3*x + 5180 = 4*d, 1949 = d + 5*x + 637. Calculate the greatest common divisor of d and 68.
68
Let n = 27 + -24. Let a be 17 + 6/3 + n. What is the greatest common divisor of 176 and a?
22
Let d(c) = -8*c + 32. Let s be d(0). What is the greatest common divisor of 88 and s?
8
Let t = -78 + 96. What is the greatest common divisor of 26 and t?
2
Let s = 41 - 41. Let z(v) = v + 5. Let u be z(s). What is the greatest common factor of u and 35?
5
Suppose 5661 + 3744 = 9*w. What is the greatest common divisor of 22 and w?
11
Let j(a) = -a**2 - 30*a + 119. Let b be j(-31). Calculate the greatest common factor of 33 and b.
11
Let f be (-20)/5*(321/(-2) - -3). Let o be ((-12)/15)/((-6)/f). Calculate the greatest common divisor of 14 and o.
14
Let f = -13 - -3. Let o be (-3)/((-18)/f)*-3. Suppose 5*z - 325 - 295 = -o*d, -2*z = -8. What is the greatest common factor of d and 12?
12
Let p(d) = d**2 - 13*d + 10. Let x(f) = f**3 - 12*f**2 + 21*f + 5. Let q be x(10). Let l be p(q). Calculate the greatest common factor of l and 16.
8
Let m = 2392 - 2379. What is the greatest common divisor of 923 and m?
13
Let s = -97 - -349. What is the greatest common divisor of 72 and s?
36
Let c = 594 - -1315. What is the greatest common divisor of c and 23?
23
Let x = 108 + -4. Suppose -2*v + v + 13 = 0. Calculate the greatest common factor of v and x.
13
Let g be 57/38*-1*(-4)/(-3). Let l be 44/(-6)*3/g. Calculate the highest common factor of 1 and l.
1
Let k = 285 - 229. Calculate the highest common factor of k and 140.
28
Let o be -1*(1 - 2)*30. Suppose 4*p = b - 35, 3*b = -4*p + p + 135. Let j = b - 31. What is the highest common factor of j and o?
6
Suppose -351 - 201 = -23*t. Calculate the highest common factor of t and 104.
8
Suppose -35*h - 254 = -33*h. Let m = 309 + h. What is the highest common divisor of m and 26?
26
Suppose -2*l - 180 = -4*l + 2*d, l + 4*d - 110 = 0. Suppose -6*o = -3*t - 5*o + l, 4*o = 20. What is the greatest common divisor of t and 11?
11
Let s = 50 + -25. Let f be ((-8)/6)/(4/(-6)). Let a be 4 - (-2 + f + -1). What is the highest common factor of s and a?
5
Let d = 3570 - 3514. Let s(z) = 4*z**2 + 4*z + 4. Let p be s(4). What is the highest common factor of p and d?
28
Suppose 2*b + 25 = 9. Let v(c) = c**3 + 9*c**2 + 7*c - 5. Let p be v(b). What is the highest common divisor of p and 3?
3
Let f(w) = -4*w - 11. Let j(y) = -y - 3. Let g(h) = 6*f(h) - 22*j(h). Let r be g(8). Let s = -2 - r. What is the highest common factor of s and 154?
14
Suppose 6*p - 9296 = -p. Suppose 1080 = 7*n - p. Calculate the highest common divisor of n and 43.
43
Let s = -656 + 659. What is the highest common factor of s and 11?
1
Let u = 18 + -9. Let z = -698 - -707. What is the highest common factor of u and z?
9
Suppose 2*x - 2*c - 25 - 45 = 0, 5*x = 4*c + 170. Calculate the greatest common factor of 510 and x.
30
Let p(a) = -3*a**2 + 37*a**3 - 2 + a - 31*a**3 + 0*a. Let d(b) = b**2 - 2*b - 1. Let n be d(3). Let y be p(n). What is the highest common factor of 12 and y?
12
Let c = 4 - 5. Let x(s) = -15*s + 2. Let q be x(c). What is the greatest common divisor of q and 85?
17
Let i be (-51)/(-34)*2/(-1) - -118. Calculate the highest common factor of i and 253.
23
Let r(d) = d**3 + 9*d**2 + 19*d + 4. Let w be r(-4). Let q be (-618)/(-7) + (-4)/14. What is the highest common factor of w and q?
8
Let y(b) = -15*b - 141. Let o be y(-11). Let t(s) = s**3 + 8*s**2 + 5*s + 6. Let g be t(-6). What is the highest common factor of o and g?
24
Let c = -263 - -286. Calculate the greatest common factor of 8 and c.
1
Let c = 49 - 35. Let a = c - 10. Let j be a*(-1 - 21/(-12)). What is the highest common factor of j and 1?
1
Suppose 12*q - 3*q - 126 = 0. Calculate the greatest common divisor of 4 and q.
2
Let j = 2411 - 2283. What is the greatest common factor of 64 and j?
64
Let s = -32 + 156. Let h = 125 - s. Suppose -2*o - 5*c + 2 = -4*c, -c + 11 = 5*o. What is the greatest common divisor of h and